{"id":9785,"date":"2023-04-03T17:33:42","date_gmt":"2023-04-03T20:33:42","guid":{"rendered":"https:\/\/sementesdaboanova.org\/?post_type=product&#038;p=9785"},"modified":"2024-12-11T01:45:39","modified_gmt":"2024-12-11T04:45:39","slug":"livro-terra-brasilis-irmao-metelo-e-book","status":"publish","type":"product","link":"https:\/\/sementesdaboanova.org\/loja\/produto\/livro-terra-brasilis-irmao-metelo-e-book\/","title":{"rendered":"Livro Terra Brasilis &#8211; Irm\u00e3o Metelo E-BOOK"},"content":{"rendered":"<p><strong>Livro Terra Brasilis &#8211; Irm\u00e3o Metelo<\/strong><\/p>\n<p>Sinopse<\/p>\n<p>O mais novo romance do Irm\u00e3o Metelo, desenrola-se no Brasil Col\u00f4nia entre os s\u00e9culos XVII e XVIII em S\u00e3o Lu\u00eds do Maranh\u00e3o, nas antigas fazendas canavieiras coloniais. A escravid\u00e3o, consequentemente o tr\u00e1fico de escravos e a cultura da cana de a\u00e7\u00facar, foram o alicerce da econ\u00f4mica durante boa parte do per\u00edodo colonial. A fazenda Boa Ventura \u00e9 palco de terr\u00edveis tramas cujos destinos entrela\u00e7am-se na inexor\u00e1vel Lei de Causa e Efeito. O homem, ainda se obstina em acumular riquezas e bens transit\u00f3rios, na satisfa\u00e7\u00e3o do imediatismo e desde ent\u00e3o, para atingir tal objetivo, v\u00eam guerreando, usurpando, conquistando e escravizando seus irm\u00e3os, impondo de forma cruel, seus mesquinhos anseios e s\u00f3rdidos desejos, muitas vezes acrisolando ideais nobres e sentimentos gentis, com grilh\u00f5es e chibatas. Nosso irm\u00e3o Metelo revela nesta trama, a mesquinhez humana regida pela ambi\u00e7\u00e3o e pelo poder, mas tamb\u00e9m nos ensina que a miseric\u00f3rdia divina est\u00e1 presente em todos os atos de nossas vidas, aproveitando os nossos pr\u00f3prios erros, para nos ensinar li\u00e7\u00f5es preciosas, atrav\u00e9s da inevit\u00e1vel repara\u00e7\u00e3o.<\/p>\n","protected":false},"excerpt":{"rendered":"<p><strong>Livro Terra Brasilis &#8211; Irm\u00e3o Metelo<\/strong><\/p>\n<p>Sinopse<\/p>\n<p>O mais novo romance do Irm\u00e3o Metelo, desenrola-se no Brasil Col\u00f4nia entre os s\u00e9culos XVII e XVIII em S\u00e3o Lu\u00eds do Maranh\u00e3o, nas antigas fazendas canavieiras coloniais. A escravid\u00e3o, consequentemente o tr\u00e1fico de escravos e a cultura da cana de a\u00e7\u00facar, foram o alicerce da econ\u00f4mica durante boa parte do per\u00edodo colonial. A fazenda Boa Ventura \u00e9 palco de terr\u00edveis tramas cujos destinos entrela\u00e7am-se na inexor\u00e1vel Lei de Causa e Efeito. O homem, ainda se obstina em acumular riquezas e bens transit\u00f3rios, na satisfa\u00e7\u00e3o do imediatismo e desde ent\u00e3o, para atingir tal objetivo, v\u00eam guerreando, usurpando, conquistando e escravizando seus irm\u00e3os, impondo de forma cruel, seus mesquinhos anseios e s\u00f3rdidos desejos, muitas vezes acrisolando ideais nobres e sentimentos gentis, com grilh\u00f5es e chibatas. Nosso irm\u00e3o Metelo revela nesta trama, a mesquinhez humana regida pela ambi\u00e7\u00e3o e pelo poder, mas tamb\u00e9m nos ensina que a miseric\u00f3rdia divina est\u00e1 presente em todos os atos de nossas vidas, aproveitando os nossos pr\u00f3prios erros, para nos ensinar li\u00e7\u00f5es preciosas, atrav\u00e9s da inevit\u00e1vel repara\u00e7\u00e3o.<\/p>\n","protected":false},"featured_media":11315,"comment_status":"open","ping_status":"closed","template":"","meta":[],"product_brand":[],"product_cat":[21],"product_tag":[],"class_list":{"0":"post-9785","1":"product","2":"type-product","3":"status-publish","4":"has-post-thumbnail","6":"product_cat-e-book-amazon","7":"product_shipping_class-sedex-pac","9":"first","10":"instock","11":"shipping-taxable","12":"product-type-external"},"_links":{"self":[{"href":"https:\/\/sementesdaboanova.org\/loja\/wp-json\/wp\/v2\/product\/9785","targetHints":{"allow":["GET"]}}],"collection":[{"href":"https:\/\/sementesdaboanova.org\/loja\/wp-json\/wp\/v2\/product"}],"about":[{"href":"https:\/\/sementesdaboanova.org\/loja\/wp-json\/wp\/v2\/types\/product"}],"replies":[{"embeddable":true,"href":"https:\/\/sementesdaboanova.org\/loja\/wp-json\/wp\/v2\/comments?post=9785"}],"wp:featuredmedia":[{"embeddable":true,"href":"https:\/\/sementesdaboanova.org\/loja\/wp-json\/wp\/v2\/media\/11315"}],"wp:attachment":[{"href":"https:\/\/sementesdaboanova.org\/loja\/wp-json\/wp\/v2\/media?parent=9785"}],"wp:term":[{"taxonomy":"product_brand","embeddable":true,"href":"https:\/\/sementesdaboanova.org\/loja\/wp-json\/wp\/v2\/product_brand?post=9785"},{"taxonomy":"product_cat","embeddable":true,"href":"https:\/\/sementesdaboanova.org\/loja\/wp-json\/wp\/v2\/product_cat?post=9785"},{"taxonomy":"product_tag","embeddable":true,"href":"https:\/\/sementesdaboanova.org\/loja\/wp-json\/wp\/v2\/product_tag?post=9785"}],"curies":[{"name":"wp","href":"https:\/\/api.w.org\/{rel}","templated":true}]}}